64 = 2*l - 294, 4*l = r + 254. Calculate the remainder when 447 is divided by l.
63
Suppose 0 = 2*r + 5*z + 29, 2*r - 3*z + 5 = -0. Let w(o) = -o**3 - 5*o**2 + 8*o - 4. What is the remainder when w(r) is divided by 1/((2 - 116/40) + 1)?
8
Suppose 2*n = 34 - 10. Suppose 16*z - 30 = 18, 32 = q + 3*z. What is the remainder when q is divided by n?
11
Let r = 200 - 196. Calculate the remainder when 46 is divided by (-1)/r - 22*24/(-64).
6
Let y(s) = 33*s**2 + s - 3. What is the remainder when 664 is divided by y(1)?
13
Let f be ((-44)/66)/((-2)/9). Suppose z + 2*d = 31, -17 = -f*z - 5*d + 71. What is the remainder when z is divided by (((-9)/(-2))/(-3))/(138/(-368))?
1
Suppose -3*l + 289 = 4*k, 52*l - 54*l = -3*k + 187. What is the remainder when 116 is divided by k?
49
Let l(r) = -r**2 + 39*r + 557. What is the remainder when l(37) is divided by 49?
43
Suppose v - 4*g = 48, 2*v - 117 + 37 = 4*g. Suppose c - 228 = -0*c - 2*k, 4*k = 3*c - 634. What is the remainder when c is divided by v?
26
Suppose 27*o - 17*o = 12520. Let b = 1268 - o. Suppose -h = -2*h + 40. Calculate the remainder when h is divided by b.
8
Suppose w - 3 - 4 = -2*r, -2*r = -4*w - 12. Let u be r/(-3)*(-3)/2. Suppose -u*y + 4*y = 76. What is the remainder when 111 is divided by y?
35
Suppose 0 = -b + 3*y + 35, 545*b = 547*b + 4*y - 10. Calculate the remainder when 4652 is divided by b.
11
Suppose -7*i + 9*i - 14 = 0. Calculate the remainder when (i*-18)/(-2) - -1 is divided by 18.
10
Let s(p) = -10*p**3 - 6*p**2 + 10*p + 20. Calculate the remainder when 167 is divided by s(-2).
55
Let o = 28 + 10. Let v = -54145 + 54216. What is the remainder when v is divided by o?
33
Suppose -10*v - 741 + 5591 = 0. Suppose -3*z + 4*g + 1071 = 0, v - 1532 = -3*z - 4*g. Calculate the remainder when z is divided by 71.
69
Suppose 3*s + 26 = 32. Let x(o) = -2*o + 16*o - 2*o + 3*o + o**s + 21. What is the remainder when 19 is divided by x(-14)?
5
What is the remainder when 265 is divided by ((-1020)/(-12) - (-7 - 0)) + 7?
67
Let r be 24/(-7)*(-13)/(13/14). Let t = -33 + r. Calculate the remainder when 28 is divided by t.
13
Suppose -24 - 186 = -3*c. Suppose 0*f + 860 = -6*f + 908. Calculate the remainder when c is divided by f.
6
Let w = 65 - 94. Let m = 76 + w. Calculate the remainder when (-21206)/(-230) - (-7)/(-35) is divided by m.
45
Suppose -3*f + 5048 = 5*o, 3*f + 4 = -8. Calculate the remainder when o is divided by 1012.
0
Let h be 411/(-9) - 5/15. Let p = 92 + h. Calculate the remainder when 136 is divided by p.
44
Let r(n) = 406*n**3 + 5*n**2 + 3*n - 6. Calculate the remainder when r(1) is divided by 7.
2
Let t be ((54/4)/3)/(16/512). Suppose -44*u = -50*u + t. What is the remainder when 74 is divided by u?
2
Suppose 5*j - 8*j + 933 = -2*g, -g = -2*j + 621. What is the remainder when j is divided by ((-1)/(-2))/(2/104)?
23
Let t = 143 - 141. Suppose -t*h + 48 = -3*y, 52 = -6*h + 8*h - 2*y. What is the remainder when h is divided by 20?
10
Let k = 56 - 61. Let x(m) = m**3 + 2*m**2 - 4*m - 4. Let u be x(k). Let b = u - -99. Calculate the remainder when 79 is divided by b.
39
Suppose 1733 = 19*h - 5*q, -2*h - 3*q + 107 = -86. Calculate the remainder when 115 is divided by h.
23
Suppose 10*c + 13*c - 1012 = 0. What is the remainder when c is divided by (-45)/((-18)/9 + -1)?
14
Let x = -10307 - -10467. Calculate the remainder when 1255 is divided by x.
135
Let p = 447 + -443. Suppose 0 = -3*n - 4*v + 58, -p*n + 2 + 46 = -2*v. What is the remainder when -82*(1 - (-6)/(-4)) is divided by n?
13
Let r = 60 - 55. Let l be (-125)/(r + -4) + -1*3. Calculate the remainder when 192 is divided by (l/(-12) + -2)/(4/18).
36
Let b be 5 - (-2 - -768)/(-2). Let s = -268 + b. Calculate the remainder when s is divided by 41.
38
Calculate the remainder when 6587 is divided by 5520/504 + (-2)/(-42).
9
Suppose 4*x - 4905 = -3*c, -4*x - 97*c + 4835 = -80*c. Calculate the remainder when x is divided by 8.
6
Let q(l) = -2*l**2 - 148*l - 104. Calculate the remainder when q(-66) is divided by 33.
28
Let v = -7 - -1. Let y be -2*17/v + (-2)/3. Suppose 2*s = 8, -y*k = -5*s + 3*s - 97. Calculate the remainder when 103 is divided by k.
19
Let q = -245 + 380. Calculate the remainder when (-1 + q)/2 - (-3 + 0) is divided by 217/6 + 0 + 3/(-18).
34
Suppose 3*v = 2*r + 151, v - 3*r = 5*v - 173. Let h(f) = 329*f**3 + 28*f**2 - 25*f - 4. Calculate the remainder when h(1) is divided by v.
46
Let t(g) = g**2 + 83*g + 482. What is the remainder when 638 is divided by t(-78)?
86
Suppose 169*f + 66*f - 12738 = 42*f. What is the remainder when 391 is divided by f?
61
Suppose 492 = -26*u + 3976. Suppose c - 2*y = -5*y + 29, 3*c - 87 = -3*y. What is the remainder when u is divided by c?
18
What is the remainder when 146 is divided by ((-12)/(-18))/(247/1185 - (-2)/(-10))?
67
Let p(i) = -11*i**3 - 2*i**2 + 1. Let n = 88 + -89. Let j be p(n). Let k(g) = -g**2 + 11*g - 1. What is the remainder when 24 is divided by k(j)?
6
Let q(j) = -j**2 + 32*j - 44. Let z be q(21). Let i = -102 + z. Let s = i - 50. What is the remainder when s is divided by 18?
17
Suppose -651*k + 25502 - 2546 = -17406. What is the remainder when 175 is divided by k?
51
Suppose 3*y + 1820 - 724 = 26*a, a + 20 = 4*y. What is the remainder when (0 + 20)*(-108)/(-10) is divided by a?
40
Let d = 5 - 5. Let g(i) = -21*i**3 + 12*i**3 + 3 + 11*i**3 - 5*i**2 + 0*i**2 - i + 4*i**2. Calculate the remainder when 45 is divided by g(d).
0
Suppose 5*i + 24*d = 25*d + 1476, -2*i = -4*d - 576. What is the remainder when i is divided by 14?
2
Let q = 31767 + -29464. What is the remainder when q is divided by 31?
9
Let g(s) = s**2 - 12*s + 40. Suppose 3*y - 40 - 5 = 0. What is the remainder when g(y) is divided by 29?
27
Suppose -4*m + 611 = i, 5*i + 126 = -2*m + 409. What is the remainder when m is divided by 29?
9
Let g(r) = -7*r - 333. Let w be g(-64). Suppose 107*l = w*l - 160. Let o(x) = -x**3 + 4*x + 3. What is the remainder when o(-4) is divided by l?
11
Suppose 4*j + 30 = q, 0 = -3*q - 5*j + 5 + 17. Let c(v) = v**2 - 38*v + 227. Calculate the remainder when c(6) is divided by q.
7
Suppose m + 2*v + 3 - 53 = 0, 5*v + 85 = m. Suppose -5*l - 3*c + m + 20 = 0, c - 52 = -3*l. Calculate the remainder when 8/(-1 - 50/(-46)) is divided by l.
16
Let f = 7 - 2. Suppose -160*s - 64 = 256. What is the remainder when 13 + 5*f/((-25)/s) is divided by 6?
3
Let y = -13 + 65. What is the remainder when (2/9 + (-39)/54)/(234/(-80496)) is divided by y?
16
Suppose -1252*k = -1255*k + 6. What is the remainder when 23616/448 + k/7 is divided by 19?
15
Suppose -b = -0*b + 1, -w - 5*b = -71. Let l = -47 + w. Let d = 100 - 44. What is the remainder when d is divided by l?
27
Suppose 2*h - 1747 = -235. Let v = -500 + h. Let n = -37 + 80. Calculate the remainder when v is divided by n.
41
Let q = 359 + 47. Let d = q - 403. What is the remainder when 32 is divided by d?
2
Let m = 133 + -136. Calculate the remainder when 66 is divided by 4*m/(-12)*37.
29
Let m(w) = -w**3 + 34*w**2 - 6*w - 30. Let k be m(34). Let y = k - -339. Calculate the remainder when y is divided by 50.
5
Let h = 18 + -21. Let v(g) = g + 50. Calculate the remainder when (-9 - 0)*(-3 - 6 - h) is divided by v(-31).
16
Let n(y) = -y**3 - 6*y**2 + 5*y - 10. Calculate the remainder when 1118/34 + 194/1649 is divided by n(-7).
1
Let p(r) = r**3 - 5*r**2 - 4*r - 7. Let n = 514715 + -514552. Calculate the remainder when n is divided by p(6).
3
Let d(j) = -j**2 + 71*j - 160. Calculate the remainder when d(45) is divided by 7.
2
Calculate the remainder when (-29*81)/(-3) + 15*(-1)/(-3) is divided by 164.
132
Let i(a) = -9*a**3 + 4*a**2 + 6*a - 3. Let s be i(-3). Suppose -10*z + 2 = -s. Suppose 0 = -9*d + 44 + 514. Calculate the remainder when d is divided by z.
10
Suppose -75*w + 1252 = -707 - 741. What is the remainder when 898 is divided by w?
34
Let b = -57 - -112. Let m = b + -28. What is the remainder when 2 + 3 + m + 3 is divided by 10?
5
Suppose -3*f - 86*d = -88*d - 542, -3*d = f - 199. Calculate the remainder when 9014 is divided by f.
182
Let o(w) = -w**3 - 21*w**2 + 10*w + 77. Let m be o(-22). Let g = 493 - m. What is the remainder when g is divided by 31?
28
Suppose 49*h - 3*x = 51*h - 89, -195 = -5*h - 2*x. What is the remainder wh